9) + -55 + 3 + -18 + 1.
49
Calculate 0 + -3 + (-6 - (13 + -11)) - -2.
-9
What is (-150 - -131 - -6) + 14 + (-1 - 2)?
-2
What is the value of (-121 - (31 - 131)) + -81?
-102
Evaluate -38 + 19 + 14 + 5 + -10.
-10
Evaluate -16 + 4 - (11 + 10 + 10).
-43
What is (-4 - 28) + 4 + (-30 - -48)?
-10
Calculate -4 - -2 - (-50 + 8 + 7 + -11).
44
What is -93 + 104 + -28 + 0 + 2 + 68?
53
Calculate -25 + -39 + 1 - -29.
-34
What is 60 + -82 + -33 + 13?
-42
Evaluate (-1702 + 1741 - (-11 + 1)) + -2 + 0 + 1.
48
Calculate (-5 + 76 - 13) + -31 + 17.
44
Evaluate (89 - 348 - -165) + 133.
39
Evaluate -32 - (83 + -90 + -38).
13
What is the value of 42 - (-42 + 15) - 49?
20
What is the value of (-1 - -4) + -10 + -2 - (29 + -114 + 61)?
15
118 + (24 - 271) - -231
102
What is -65 + (2 - (-14 + 33)) + (1 - -31)?
-50
What is 27 - ((-15 - -12 - -12) + (-1 - (9 - -8)))?
36
Evaluate ((5 - 3) + 3 - -2) + (-387 - -412).
32
What is the value of 74 + (-78 - 92) - -24?
-72
What is the value of 1 + -10 + 17 + -13 + -14 + 50 + 11?
42
Calculate (-9 - (-4 + 6)) + 3 - (-17 + 1).
8
What is the value of -118 + 191 + (-39 - 0)?
34
Evaluate 18 + (2 - -1) + 2 + -19 - -3.
7
What is the value of -29 - (1 - 1 - (160 - 180))?
-49
Calculate -6 - (-2 - ((-7 + 13 - -13) + 15)).
30
-42 - (-90 - -5) - 11
32
-1 + -23 + -4 + -18
-46
What is -53 - -81 - (-13 - -73)?
-32
Calculate (5 - 176 - -2) + (39 - 4).
-134
Evaluate -54 - 4 - -2 - (-32 + (41 - 13)).
-52
Calculate 28 - 57 - (-59 - 6).
36
What is 4 + 1 - (-1 + 91 + 20 - (19 + -31))?
-117
Calculate 32 - (83 - (52 + -22)).
-21
-21 + 12 + (-35 + 20 - -22) + -8
-10
What is the value of -98 + -51 + 143 - (-53 - 1)?
48
Evaluate -3 - -8 - (25 + -20 + 11).
-11
(-8 - (1 + 1)) + (39 + -12 - 59)
-42
Calculate 15 - (65 + (14 - (1 + 9))) - (-1 + -1).
-52
What is -4 + 15 - (-8 - -5 - (4 - (-9 - -19)))?
8
Evaluate 33 + ((1 - -9) + (100 - 121) - -11).
33
((-12 - (-36 - -13)) + -3 - (-2 + 97)) + 7
-80
What is (57 - -24) + -65 - (-3 + (-4 - -90))?
-67
126 - (72 + 28) - (-2 + -42)
70
Evaluate 4 - (-33 + 119) - (-1 + (2 - -4) - -9).
-96
Calculate 106 - (156 + 17) - -86.
19
What is -35 - -49 - (7 + 13 + 19)?
-25
What is -5 + -4 - (37 + -29 + -39)?
22
What is the value of 21 - (-10 + 182 + -25 + 1 + 14)?
-141
7 + (6 + -60 - (21 + -27) - -5)
-36
Evaluate -2 + -11 + 3 - -1 - (20 - (-4 - 47)).
-80
What is -22 - (-3 - 46 - -19 - -12 - -18)?
-22
0 + 3 + 35 + -46 + 82
74
What is -13 - 0 - (14 - (57 + (-6 - -8)))?
32
Evaluate 2 + -5 + (-7 - -70) - (-117 + 85 - -27).
65
-662 + 677 - (-23 + (-6 - 7) + 5 + 2)
44
(2 - (1 - -3)) + -19 + (-19 - (0 + 12))
-52
Evaluate 52 + -64 + (35 - 57).
-34
Evaluate 0 + 7 + 2 + (-2 - 3) - 6.
-2
What is -18 + -10 - (-9 + (46 - 10))?
-55
What is -897 + 779 - (-53 - 10)?
-55
What is (116 - 264 - -87) + 55?
-6
Calculate (-19 - -16) + (19 - 34 - -3) + -105.
-120
What is the value of (-39 - (20 + -32)) + 0 + 4 + -1?
-24
What is 5 - (-33 + (-80 - -60))?
58
Calculate -14 - (17 + (18 - 7)).
-42
Calculate -52 + (16 - (-13 + -21)).
-2
Evaluate -27 - (-45 + -84) - 32.
70
Calculate (18 - (16 + -1)) + (-48 - 5) + -3 + -5.
-58
1070 + -1047 + 46 + 1 + -25
45
What is the value of -35 - (-8 + 9 + 3 + -11)?
-28
What is the value of 186 - -1 - (12898 - 12767)?
56
Calculate 4 + (-20 - -2 - (56 - 65)).
-5
What is the value of (-21 - (-20 - 39) - -40) + 34?
112
86 + -32 + -38 + 19
35
What is (1 - -28) + (4 - 34 - (282 + -333))?
50
14 - -41 - (4 + (-2 + 1 + -10 - -22))
40
Calculate (7 - 28) + 30 + (-32 - -1) - -9.
-13
Evaluate -121 - -65 - -72 - -7.
23
What is -55268 + 55341 + (-2 - 42 - 0)?
29
Evaluate -11 - (-77 - (-72 - 25)).
-31
What is the value of -24 + (6 - -2) - (-20 + -1) - (16 + 2)?
-13
Evaluate 3 + -2 + -2 + -15 + -586 + 672.
70
Calculate 15 + -15 + 30 + -11.
19
What is (-2 - -3 - (64 - 18)) + (8 - 8)?
-45
Evaluate (23 - 2 - (-109 - -9)) + -28.
93
16 + -72 - -24 - -127
95
-61 - (-60 - 14) - (-8 - 1)
22
Calculate 12 + -26 + -4 + 7 + (-50 - -47).
-14
What is the value of 124 + 1 + (9 - (31 - 12) - (-5 - -1))?
119
Evaluate 35 + 0 - (19 + 0 - (10 - (-11 - -10))).
27
11 + (-13 - -5) + 30 + -5 + (-1 - 11)
16
Calculate (-100 - 41) + -27 + 85.
-83
What is -5 + (-3 - -14 - 13 - (-3 - (4 - 5)))?
-5
73 + -13 + -13 + -23 + 31
55
What is the value of 5 - (-16 - (2 - (-61 + 32)))?
52
Evaluate 24 + -47 + -5 + 19 + (0 - 9).
-18
What is the value of 5 + (11 - (3 + -1 + 9)) - 28?
-23
Calculate 12 + (0 - 39 - ((-112 - -28) + 94)).
-37
What is 1 - 5 - (-7 + 18 + 5 + (13 - 93))?
60
Evaluate -10 + (-7 - 1 - (-125 + 72) - -17).
52
Calculate 20 + -111 + -16 + (-14 - -64).
-57
What is -693 + 692 - (3 + (-7 - (2 - -2)) + 2)?
5
13 - ((-2 + 0 - -14) + (-31 - -6))
26
What is -7 - (-7 + -20 + (17 - 0))?
3
Calculate 19 + 14 + 8 + -5 + -64.
-28
What is the value of 19 + (1 - 3) + -469 + 380?
-72
Evaluate 7 + (-15 - (-18 - 1) - -14).
25
1 + (17 + (-2 - 0) - (-584 + 594))
6
4 + -32 + 2 + -10 - (-40 - -38)
-34
What is (39729 - 39741) + (-1 - (8 + (0 - 1)))?
-20
Calculate -2 - (-92 - (-27 + -36)).
27
What is 19035 + -19032 - (0 + -117)?
120
Evaluate 18 - 11 - (31 - 46) - (9 - -7).
6
Evaluate 11 + 18 + -14 + 1 + 8 + 16.
40
Calculate -25 + (15 - 8) - (3 - 52).
31
Evaluate 22 + -6 + 7 + 45 + -56 + 90.
102
What is the value of -142 + 165 + (-27 - -3)?
-1
Calculate -3 + 2 + -10 + (22 - ((31 - 27) + 25)).
-18
What is the value of 10 + (-4 - (-8 + -1) - (-26 - (-2 - 22)))?
17
-63 + (-6 - -98) + 92 + 1 + -16
106
What is the value of -66 + 1 + (-8 + 3 + 5 - -4)?
-61
Evaluate 53 - 76 - (-111 - -1) - (5 + -2).
84
Calculate -9 + (18 - (-17 + (13 - 8) + 11)) + 14.
24
What is 96 - (38 + 20 + -29) - 2?
65
222 + -248 - (-2 + -6 + 1)
-19
Evaluate -1 - (8 + -115 - (7 + (9 - 28))).
94
Calculate 32 + -122 + 63 - (-17 + 0) - (0 + 74).
-84
What is (-31 - -16) + (125 - 2 - (50 + -52))?
110
Calculate -20 + 22 + -3 + -25 + 0.
-26
What is (-33 + 17 - 16) + -2 - -91?
57
What is the value of (-6 - (-14 - -11)) + -2 + 2 - (-20 + 15)?
2
Calculate (-3 - -1) + -10 - ((44 - 70) + 6 + 0).
8
Evaluate -97 - (-33 - 1 - -27 - 24).
-66
402 - 364 - (-1 + 66)
-27
2 + 3 + (-51 - (-7 + 6))
-45
Evaluate 190147 - 190203 - (0 - 1 - 9 - 1).
-45
What is the value of 27 - ((-418 - -419) + (3 - 0 - 0)) - -11?
34
What is the value of -21 - -62 - 25 - (37 + -3)?
-18
Evaluate -21 - ((51 - 49) + -44).
21
Calculate 2 + 0 - (406 + -413).
9
What is the value of -66 + -137 + 167 + -55?
-91
What is the value of 18 + -19 + (8 - 23) + 23 - (-2 + -82)?
91
Calculate -2 - -6 - (4 + -3) - (15 + -36 + -30).
54
Calculate (2 - 17) + (4 - 19) + 16.
-14
Evaluate (7 + 33 - -2) + (-17 - 5).
20
Evaluate -86 - ((-2 - 20) + (-407 - -418) - -4).
-79
(-109 - -127) + (-9 - -24) + -8
25
46 + -115 - (-3 - ((-6 - -13) + -2) - -1)
-62
What is the value of (-53 - -3 - -64) + 74?
88
Calculate -196 - -192 - (131 + (-5 + 8 - 11)).
-127
Evaluate (14 - (-43 + 115) - -41) + (-1 - -39).
21
What is 4 - (-1 - -6 - -33 - (-33 - -18))?
-49
Calculate (-38 - (17 - (42 + -20))) + 11.
-22
What is the value of 90 - ((-11 - (-35 + 11)) + 7 + -17)?
87
What is the value of -1 + 0 + 3 + -8 + 10 - (1 + 36)?
-33
What is (-7 + 5 - -2 - -2) + (9 - 12)?
-1
Calculate 110 - (25 - (-129 - -4)).
-40
What is the value of 79 - (-67 + 14 + 25 + 4)?
103
What is (-1 - 66) + 106 + -144 + 58?
-47
What is (-2 - (-53 + 29 + 23)) + 73?
72
What is the value of -24 + (-18 - -1 - (1142 - 1155))?
-28
93 + (-27 - (5 - 22) - 10)
73
Evaluate -15 + 13 - (48 - (5 + (0 - -7) + -5)).
-43
Evaluate 47 + -4 + (2 - 6) - (-33 - -20).
52
What is (-42 - (9 + -31 + 13 - (2 - 3))) + -6?
-40
What is (-8 - -10) + (7 - 1) + -1 + 28 + -39?
-4
What is 129 + -122 - (15 + -1 + (39 + -25 - 17))?
-4
What is -23 - -2 - (-28 + (-42 - -35) + 22)?
-8
Calculate 47 - (1 - (7 + (-4 - (7 - -2))) - 8).
48
What is (-6 + -53 - -35) + -1?
-25
What is the value of (-264 - -189) + -6 + 4 + 1?
-76
What is the value of (-36 - 2) + (48 - (-5 - -55))?
-40
Evaluate (-18 - -13) + (-2 - 2).
-9
Calculate (-1 - -10) + (-161 - -133) - 22.
-41
Calculate -3 + -14 - (-6 + 7 + 10 + -22).
-6
5 - (-11 + 14 - -7 - (42 + 3 - 3))
37
(-37 - 38) + -8 + 0 + 9
-74
What is 72 + (149 + -116 - 30)?
75
Evaluate (-39 - 5) + 3 + 11 + 5 + -13 + -6.
-44
-59 + -46 + 163 - (-7 + 19)
46
What is 33 - (26 - 124 - (-51 - -19))?
99
Evaluate (-1 - (2 + -10 + (-12 - -24))) + 6 + -55.
-54
What is